{"id":244,"date":"2020-11-29T02:37:42","date_gmt":"2020-11-29T01:37:42","guid":{"rendered":"https:\/\/naturocook.com\/?post_type=product&#038;p=244"},"modified":"2023-11-25T08:49:30","modified_gmt":"2023-11-25T07:49:30","slug":"premiere-consultation-1h30","status":"publish","type":"product","link":"https:\/\/naturocook.com\/index.php\/produit\/premiere-consultation-1h30\/","title":{"rendered":"Premi\u00e8re Consultation (1h30)"},"content":{"rendered":"<p>Prise de rendez-vous 1semaine avant la s\u00e9ance pour pouvoir pr\u00e9parer votre bilan selon votre demande avec un questionnaire lors de votre appel, puis je vous remets votre bilan et tous les conseils \u00e0 suivre dans la semaine qui suit le rendez-vous<\/p>\n<p>C&rsquo;est l&rsquo;\u00e9tape la plus importante pour bien vous connaitre.<\/p>\n","protected":false},"excerpt":{"rendered":"<p>bilan sant\u00e9 avec un questionnaire pour pr\u00e9parer notre rendez-vous<\/p>\n","protected":false},"featured_media":223,"comment_status":"open","ping_status":"closed","template":"","meta":[],"product_cat":[18],"product_tag":[],"class_list":["post-244","product","type-product","status-publish","has-post-thumbnail","hentry","product_cat-non-classe"],"jetpack_sharing_enabled":true,"_links":{"self":[{"href":"https:\/\/naturocook.com\/index.php\/wp-json\/wp\/v3\/product\/244","targetHints":{"allow":["GET"]}}],"collection":[{"href":"https:\/\/naturocook.com\/index.php\/wp-json\/wp\/v3\/product"}],"about":[{"href":"https:\/\/naturocook.com\/index.php\/wp-json\/wp\/v2\/types\/product"}],"replies":[{"embeddable":true,"href":"https:\/\/naturocook.com\/index.php\/wp-json\/wp\/v2\/comments?post=244"}],"wp:featuredmedia":[{"embeddable":true,"href":"https:\/\/naturocook.com\/index.php\/wp-json\/wp\/v2\/media\/223"}],"wp:attachment":[{"href":"https:\/\/naturocook.com\/index.php\/wp-json\/wp\/v2\/media?parent=244"}],"wp:term":[{"taxonomy":"product_cat","embeddable":true,"href":"https:\/\/naturocook.com\/index.php\/wp-json\/wp\/v2\/product_cat?post=244"},{"taxonomy":"product_tag","embeddable":true,"href":"https:\/\/naturocook.com\/index.php\/wp-json\/wp\/v2\/product_tag?post=244"}],"curies":[{"name":"wp","href":"https:\/\/api.w.org\/{rel}","templated":true}]}}